{"id":5731,"date":"2024-03-26T11:13:36","date_gmt":"2024-03-26T11:13:36","guid":{"rendered":"https:\/\/entwurf.concepcion.de\/index.php\/impressum\/"},"modified":"2024-08-28T12:15:17","modified_gmt":"2024-08-28T12:15:17","slug":"impressum","status":"publish","type":"page","link":"https:\/\/entwurf.concepcion.de\/index.php\/impressum\/","title":{"rendered":"Impressum"},"content":{"rendered":"\t\t<div data-elementor-type=\"wp-page\" data-elementor-id=\"5731\" class=\"elementor elementor-5731\" data-elementor-post-type=\"page\">\n\t\t\t\t\t\t<section class=\"elementor-section elementor-top-section elementor-element elementor-element-565aa59 elementor-section-boxed elementor-section-height-default elementor-section-height-default\" data-id=\"565aa59\" data-element_type=\"section\">\n\t\t\t\t\t\t<div class=\"elementor-container elementor-column-gap-default\">\n\t\t\t\t\t<div class=\"elementor-column elementor-col-100 elementor-top-column elementor-element elementor-element-3092d9a\" data-id=\"3092d9a\" data-element_type=\"column\">\n\t\t\t<div class=\"elementor-widget-wrap elementor-element-populated\">\n\t\t\t\t\t\t<div class=\"elementor-element elementor-element-7d33a43 elementor-widget elementor-widget-text-editor\" data-id=\"7d33a43\" data-element_type=\"widget\" data-widget_type=\"text-editor.default\">\n\t\t\t\t<div class=\"elementor-widget-container\">\n\t\t\t\t\t\t\t\t\t<h3>gesch\u00e4ftsm\u00e4\u00dfiger Anbieter:<\/h3>\n<p><b>concepcion SEIDEL OHG<\/b><br>Inhaber: Frieder Seidel, Carmen Seidel<\/p>\n<p>Friedrichsgr\u00fcner Str. 83<br>08262 Muldenhammer<\/p>\n<p>e-mail:&nbsp;<a href=\"mailto:info@concepcion.de\">info@concepcion.de<\/a><br>Telefon: 037465 444-0<br>Fax: 037465 444-22<\/p>\n<p>HRA 904 &#8211; Amtsgericht Chemnitz<br>Ust.-ID-Nr. DE 218656440<\/p>\n<p><b>Haftungsausschluss<\/b><br>Trotz sorgf\u00e4ltiger inhaltlicher Kontrolle \u00fcbernimmt die concepcion SEIDEL OHG keine Haftung f\u00fcr die Inhalte externer Links. F\u00fcr den Inhalt der verlinkten Seiten sind ausschlie\u00dflich deren Betreiber verantwortlich. \u00c4nderungen und Irrt\u00fcmer vorbehalten.<\/p>\t\t\t\t\t\t\t\t<\/div>\n\t\t\t\t<\/div>\n\t\t\t\t\t<\/div>\n\t\t<\/div>\n\t\t\t\t\t<\/div>\n\t\t<\/section>\n\t\t\t\t<section class=\"elementor-section elementor-top-section elementor-element elementor-element-3bb9fd0a elementor-section-boxed elementor-section-height-default elementor-section-height-default\" data-id=\"3bb9fd0a\" data-element_type=\"section\">\n\t\t\t\t\t\t<div class=\"elementor-container elementor-column-gap-default\">\n\t\t\t\t\t<div class=\"elementor-column elementor-col-100 elementor-top-column elementor-element elementor-element-1392223e\" data-id=\"1392223e\" data-element_type=\"column\">\n\t\t\t<div class=\"elementor-widget-wrap elementor-element-populated\">\n\t\t\t\t\t\t<div class=\"elementor-element elementor-element-514bd883 elementor-widget elementor-widget-shortcode\" data-id=\"514bd883\" data-element_type=\"widget\" data-widget_type=\"shortcode.default\">\n\t\t\t\t<div class=\"elementor-widget-container\">\n\t\t\t\t\t\t\t<div class=\"elementor-shortcode\">\n<div class=\"woocommerce woocommerce-gzd woocommerce-gzd-complaints-shortcode\">\n\t\t\t<h3>Alternative Streitbeilegung gem\u00e4\u00df Art. 14 Abs. 1 ODR-VO und \u00a7 36 VSBG:<\/h3>\n\t\nZur Teilnahme an einem Streitbeilegungsverfahren vor einer Verbraucherschlichtungsstelle sind wir nicht verpflichtet und nicht bereit.<\/div><\/div>\n\t\t\t\t\t\t<\/div>\n\t\t\t\t<\/div>\n\t\t\t\t\t<\/div>\n\t\t<\/div>\n\t\t\t\t\t<\/div>\n\t\t<\/section>\n\t\t\t\t<section class=\"elementor-section elementor-top-section elementor-element elementor-element-23897a1 elementor-section-boxed elementor-section-height-default elementor-section-height-default\" data-id=\"23897a1\" data-element_type=\"section\">\n\t\t\t\t\t\t<div class=\"elementor-container elementor-column-gap-default\">\n\t\t\t\t\t<div class=\"elementor-column elementor-col-100 elementor-top-column elementor-element elementor-element-920f039\" data-id=\"920f039\" data-element_type=\"column\">\n\t\t\t<div class=\"elementor-widget-wrap elementor-element-populated\">\n\t\t\t\t\t\t<div class=\"elementor-element elementor-element-81ce98c elementor-widget elementor-widget-text-editor\" data-id=\"81ce98c\" data-element_type=\"widget\" data-widget_type=\"text-editor.default\">\n\t\t\t\t<div class=\"elementor-widget-container\">\n\t\t\t\t\t\t\t\t\t<h3>Erstellung und Betreuung dieser Website:<\/h3>\t\t\t\t\t\t\t\t<\/div>\n\t\t\t\t<\/div>\n\t\t\t\t\t<\/div>\n\t\t<\/div>\n\t\t\t\t\t<\/div>\n\t\t<\/section>\n\t\t\t\t<section class=\"elementor-section elementor-top-section elementor-element elementor-element-bac9d2b elementor-section-boxed elementor-section-height-default elementor-section-height-default\" data-id=\"bac9d2b\" data-element_type=\"section\">\n\t\t\t\t\t\t<div class=\"elementor-container elementor-column-gap-default\">\n\t\t\t\t\t<div class=\"elementor-column elementor-col-50 elementor-top-column elementor-element elementor-element-607f565\" data-id=\"607f565\" data-element_type=\"column\">\n\t\t\t<div class=\"elementor-widget-wrap elementor-element-populated\">\n\t\t\t\t\t\t<div class=\"elementor-element elementor-element-a1c6571 elementor-widget elementor-widget-text-editor\" data-id=\"a1c6571\" data-element_type=\"widget\" data-widget_type=\"text-editor.default\">\n\t\t\t\t<div class=\"elementor-widget-container\">\n\t\t\t\t\t\t\t\t\t<p><strong>IT Service Sebastian Korn<\/strong><\/p><p>Eubabrunner Str. 28<br \/><span style=\"color: var( --e-global-color-text );font-family: var( --e-global-typography-text-font-family ), Sans-serif;font-weight: var( --e-global-typography-text-font-weight );letter-spacing: 0px\">08258 Markneukirchen<\/span><\/p><p><a href=\"https:\/\/itkorn.com\">https:\/\/itkorn.com<\/a><\/p>\t\t\t\t\t\t\t\t<\/div>\n\t\t\t\t<\/div>\n\t\t\t\t\t<\/div>\n\t\t<\/div>\n\t\t\t\t<div class=\"elementor-column elementor-col-50 elementor-top-column elementor-element elementor-element-8df343a\" data-id=\"8df343a\" data-element_type=\"column\">\n\t\t\t<div class=\"elementor-widget-wrap elementor-element-populated\">\n\t\t\t\t\t\t<div class=\"elementor-element elementor-element-6f5c8a3 elementor-widget elementor-widget-image\" data-id=\"6f5c8a3\" data-element_type=\"widget\" data-widget_type=\"image.default\">\n\t\t\t\t<div class=\"elementor-widget-container\">\n\t\t\t\t\t\t\t\t\t\t\t\t\t\t\t<img decoding=\"async\" width=\"300\" height=\"106\" src=\"https:\/\/entwurf.concepcion.de\/wp-content\/uploads\/2024\/04\/Logo-IT-Korn-8-300x106.png\" class=\"attachment-medium size-medium wp-image-6051\" alt=\"\" srcset=\"https:\/\/entwurf.concepcion.de\/wp-content\/uploads\/2024\/04\/Logo-IT-Korn-8-300x106.png 300w, https:\/\/entwurf.concepcion.de\/wp-content\/uploads\/2024\/04\/Logo-IT-Korn-8-1024x361.png 1024w, https:\/\/entwurf.concepcion.de\/wp-content\/uploads\/2024\/04\/Logo-IT-Korn-8-768x271.png 768w, https:\/\/entwurf.concepcion.de\/wp-content\/uploads\/2024\/04\/Logo-IT-Korn-8-1536x541.png 1536w, https:\/\/entwurf.concepcion.de\/wp-content\/uploads\/2024\/04\/Logo-IT-Korn-8-2048x722.png 2048w, https:\/\/entwurf.concepcion.de\/wp-content\/uploads\/2024\/04\/Logo-IT-Korn-8-1600x564.png 1600w, https:\/\/entwurf.concepcion.de\/wp-content\/uploads\/2024\/04\/Logo-IT-Korn-8-200x70.png 200w\" sizes=\"(max-width: 300px) 100vw, 300px\" \/>\t\t\t\t\t\t\t\t\t\t\t\t\t\t\t<\/div>\n\t\t\t\t<\/div>\n\t\t\t\t\t<\/div>\n\t\t<\/div>\n\t\t\t\t\t<\/div>\n\t\t<\/section>\n\t\t\t\t<\/div>\n\t\t","protected":false},"excerpt":{"rendered":"<p>gesch\u00e4ftsm\u00e4\u00dfiger Anbieter: concepcion SEIDEL OHGInhaber: Frieder Seidel, Carmen Seidel Friedrichsgr\u00fcner Str. 8308262 Muldenhammer e-mail:&nbsp;info@concepcion.deTelefon: 037465 444-0Fax: 037465 444-22 HRA 904 &#8211; Amtsgericht ChemnitzUst.-ID-Nr. DE 218656440 HaftungsausschlussTrotz sorgf\u00e4ltiger inhaltlicher Kontrolle \u00fcbernimmt die concepcion SEIDEL OHG keine Haftung f\u00fcr die Inhalte externer Links. F\u00fcr den Inhalt der verlinkten Seiten sind ausschlie\u00dflich deren Betreiber verantwortlich. \u00c4nderungen und Irrt\u00fcmer vorbehalten. Erstellung und Betreuung dieser Website: IT Service Sebastian Korn Eubabrunner Str. 2808258 Markneukirchen https:\/\/itkorn.com<\/p>\n","protected":false},"author":1,"featured_media":0,"parent":0,"menu_order":0,"comment_status":"closed","ping_status":"closed","template":"","meta":{"footnotes":""},"class_list":["post-5731","page","type-page","status-publish","hentry"],"acf":[],"_links":{"self":[{"href":"https:\/\/entwurf.concepcion.de\/index.php\/wp-json\/wp\/v2\/pages\/5731","targetHints":{"allow":["GET"]}}],"collection":[{"href":"https:\/\/entwurf.concepcion.de\/index.php\/wp-json\/wp\/v2\/pages"}],"about":[{"href":"https:\/\/entwurf.concepcion.de\/index.php\/wp-json\/wp\/v2\/types\/page"}],"author":[{"embeddable":true,"href":"https:\/\/entwurf.concepcion.de\/index.php\/wp-json\/wp\/v2\/users\/1"}],"replies":[{"embeddable":true,"href":"https:\/\/entwurf.concepcion.de\/index.php\/wp-json\/wp\/v2\/comments?post=5731"}],"version-history":[{"count":8,"href":"https:\/\/entwurf.concepcion.de\/index.php\/wp-json\/wp\/v2\/pages\/5731\/revisions"}],"predecessor-version":[{"id":6078,"href":"https:\/\/entwurf.concepcion.de\/index.php\/wp-json\/wp\/v2\/pages\/5731\/revisions\/6078"}],"wp:attachment":[{"href":"https:\/\/entwurf.concepcion.de\/index.php\/wp-json\/wp\/v2\/media?parent=5731"}],"curies":[{"name":"wp","href":"https:\/\/api.w.org\/{rel}","templated":true}]}}